(1022/42 + -24). Let w(f) be the first derivative of 12*f - 1/4*f**m + 9/2*f**2 - 30 - 7/3*f**3. What is w(-8)?
4
Let q(r) = -r**3 + r**2 + r - 7. Suppose -d = 4*j - 8*j + 16, -2*d - 3*j + 12 = 0. Let g be q(d). Let m(p) = -6 - 8*p + 5*p - 7 - p + 3*p. Calculate m(g).
-6
Suppose 2*z = -0*b - 2*b + 74, -98 = -2*z + 4*b. Let j(h) = -z + h + 33 + 11. Give j(1).
4
Let q(n) = 3*n + 130. Let u be q(-46). Let c(d) = -89*d - 5 + 2 - d**2 + 80*d - 2. Determine c(u).
3
Let i(n) be the second derivative of n**5/20 + n**4/4 - 3*n**3/2 + 7*n**2/2 + 265*n. What is i(3)?
34
Let l(u) = -u**3 - 6*u**2 - 2*u - 4. Suppose -813 = -12*a + 879. Suppose 5*s - 685 = 45. Let y = a - s. Give l(y).
-19
Let v be (-2)/4 - (-13)/(-2). Let s be ((-3)/(6/10))/(3 + -4). Let c(f) = 4*f + f + 2 - s*f - f - 5. Give c(v).
4
Suppose -5*c - 6 + 26 = 0. Let u(g) = 7*g**2 + 3*g - 3. Let i be u(1). Let j(d) = 0 - i + 38*d - 37*d. What is j(c)?
-3
Let b(u) be the third derivative of u**6/120 - 2*u**5/15 + 3*u**4/8 + u**3/2 + 2*u**2 + u + 402. Determine b(6).
-15
Let o(q) be the third derivative of q**6/360 - 3*q**5/40 - q**4/6 - 23*q**3 + 41*q**2. Let b(k) be the first derivative of o(k). Give b(9).
-4
Let y(j) = -11*j + 2. Let p be ((-1)/3*0 - 1)*3. Let g(s) = 20*s - 2. Let f(r) = p*g(r) - 5*y(r). Calculate f(-2).
6
Let i(v) = -v**2 + 7*v + 7. Suppose -10 = -3*r - 4*o, 0 = -o + 1. Let x be 3*(0/r - -3). Determine i(x).
-11
Let i = 6 + -7. Let g(d) = d**2 - 1. Let h(a) = 9*a**3 + 3*a**2 - a - 4. Let q(o) = -2*o**3. Let t(j) = h(j) + 4*q(j). Let m(v) = i*t(v) + 2*g(v). Give m(-2).
4
Let g(d) = -43 - 2*d + 122 + 9*d**2 - 2*d**2 - 37 - 41. Suppose -49 = -4*u + 3*f + 38, 3*u = -4*f + 59. Suppose -4*y - y + u = m, 4*y = -m + 17. Calculate g(m).
6
Let b(s) = -5*s**3 - 12*s**2 + 22*s + 4. Let c(h) = -17*h**3 - 44*h**2 + 67*h + 12. Let z(p) = -7*b(p) + 2*c(p). Calculate z(7).
3
Let i(z) = -5 + 43*z + 18 - 28 - 92*z. Give i(2).
-113
Let j = -68 - -70. Let a(g) = -11*g + 25 - g**2 - 11 - 4*g**2 + 4*g**j. Give a(-11).
14
Let h(m) be the third derivative of 34*m**2 + 0*m + 0 - 1/24*m**4 + 0*m**3. What is h(2)?
-2
Let p(u) be the third derivative of u**6/120 - u**5/12 - u**4/3 + 7*u**3/6 + 4*u**2. Let g(n) = -5*n + 407 - 445 - 6*n. Let w be g(-4). What is p(w)?
-5
Let j = 17 + -8. Let t be (10/3)/(6/j). Let q(f) be the second derivative of -f**5/20 + f**4/2 - f**3/2 - 5*f**2/2 - 382*f. Determine q(t).
5
Let y(m) be the second derivative of -m**5/20 + 7*m**4/12 - 2*m**3/3 - m**2 - 2*m + 1854. Give y(4).
30
Let u(p) = -49*p**2 + 87*p**2 - 42*p**2 - 3*p + 2*p. Let r(z) = z + 9. Let g be r(-8). Calculate u(g).
-5
Let v(q) = q**3 - 6*q**2 + 2. Let k be ((-12)/15)/(-1)*5. Suppose -k*r + 5*m - 80 = r, 2*m = r + 15. Let n = -11 - r. Determine v(n).
2
Let u(k) be the third derivative of k**6/120 - k**5/6 - 5*k**4/12 - 2*k**3 - 3*k**2. Let b(j) = -22*j - 231. Let w be b(-11). Determine u(w).
-1
Let w = -9297 + 9308. Let s(r) = -2*r - 10. Give s(w).
-32
Let o(i) = -i**2 - 7*i + 1. Let c = 102 - 172. Let m = c - -70. Suppose 18*p + 89 + 37 = m. Determine o(p).
1
Let c = 100 + -100. Suppose -w + 3 = -c*w. Suppose -5*i + 20 = 0, -2*i + w = -k - 4. Let v(p) = -p + 2. Calculate v(k).
1
Let y be 2/3 - 14/(-6). Let v(c) = 3 - 4 + 3 - 4*c**2 - 63*c - 2*c**2 + 4*c**2 + 66*c. Give v(y).
-7
Let r be (99/(-6))/((-3)/2). Let u be (-68)/r - 14/(-77). Let d be u/(-15) + (-13)/(-5). Let j(l) = -l**3 + 3*l**2 - 2. Give j(d).
-2
Suppose -9*m + 14*m = -380. Let b = 75 + m. Let r(a) = -40*a**2 + 3*a + 10. Let c(t) = 13*t**2 - t - 3. Let q(p) = -7*c(p) - 2*r(p). Determine q(b).
-11
Let q(a) = 2*a**2 + 13*a + 7. Suppose -4*j + 65*g - 62*g - 36 = 0, 4*j - 5*g = -44. Calculate q(j).
1
Let r(p) = -p - 10*p + 11*p + 7*p - 27 - 9*p. What is r(-6)?
-15
Suppose 2*q + 2*j = -18, 3*j - 16 + 27 = 5*q. Let b(c) = 18*c - 1. Determine b(q).
-37
Let l(d) = -d**2 + 2*d - 5. Suppose -3*f - 2 = 4*w, -2*f + 55*w = 59*w + 4. Determine l(f).
-5
Let j(f) = 3*f - 15. Let a = -9977 + 9974. What is j(a)?
-24
Let i be (-24)/10*(-635)/254 + -7. Let c(m) be the first derivative of -m**2/2 - m - 1. What is c(i)?
0
Let o(v) = v**3 + 14*v**2 + 20*v - 38. Suppose -35*x - c - 40 = -31*x, 4*c - 32 = 0. Calculate o(x).
10
Let k(g) = g**3 - 3*g**2 - 5*g + 2. Let w = -68 - -64. Let i(h) = h**3 - 3*h**2 - 5*h + 2. Let s(b) = w*i(b) + 3*k(b). Determine s(4).
2
Let i(n) be the third derivative of n**6/120 - 11*n**5/60 - 13*n**4/12 - 5*n**3/2 - 796*n**2 + 2. Determine i(13).
-15
Let i = -19 + 33. Let v(n) = -7*n**3 + 11*n**2 + 20*n - 62. Let j(b) = 10*b**3 - 18*b**2 - 31*b + 90. Let r(c) = 5*j(c) + 7*v(c). Determine r(i).
2
Let u(w) be the first derivative of 2*w - 1/4*w**4 - 39 - 4/3*w**3 - w**2. What is u(-2)?
-2
Let l be (-1 - (-2)/2) + -5. Let f = 357 + -275. Let m(p) = -1 - 93*p - f*p + 174*p. Give m(l).
4
Let o(s) = -10*s + 906 - 832 - s. Determine o(7).
-3
Let r(z) = -15*z**2 + 9. Let t(a) = 11*a**2 + 2*a - 6. Let h(b) = 3*r(b) + 4*t(b). Let n = -11 - -20. What is h(n)?
-6
Let s(f) = 10*f - 16. Let v be s(5). Let r be 6/10 - v/(-10). Let y(z) be the first derivative of z**2 + 3*z - 5. Give y(r).
11
Let z(s) = 10 - 7 - 2*s + 23*s**2 - 5 + 17*s**2 - 3 - 39*s**2. Let r = -7 - -12. Determine z(r).
10
Let y(s) = s**2 - s + 6. Let m be 11 + (-6)/1 + -7. Let n(j) = j**2 - j + 5. Let h(c) = m*y(c) + 3*n(c). Determine h(-4).
23
Suppose 23*f - 22*f - 6 = -k, 0 = 5*k - 15. Let c(n) = -2*n**2 - 5*n + 6. Determine c(f).
-27
Let c(s) = 13*s**3 + s + 1. Suppose 2*m - 2*x + 7*x = 18, -m + 5*x = 21. What is c(m)?
-13
Let b(o) = -9*o**3 + 29*o**2 - 6*o + 4. Let l(q) = 14*q**3 - 56*q**2 + 12*q - 7. Let g(w) = 5*b(w) + 3*l(w). Determine g(-8).
15
Suppose 0 = -2*a - 9*a + 363. Let k = a - 28. Let u(d) = d**2 - 10*d + 7. Let f(g) = -g**2 + 9*g - 6. Let r(w) = 3*f(w) + 2*u(w). What is r(k)?
6
Let l(w) be the first derivative of -w**4/4 - 9*w**3 - 13*w**2 - 23*w + 3666. What is l(-26)?
-23
Let g(c) = -2*c**3 + 29*c**2 - 15*c + 20. Let n = -14631 - -14645. Calculate g(n).
6
Let p be ((-9)/(-6))/(1/2). Let m(g) = 2*g - 593. Let r(y) = -y + 247. Let n(j) = -5*m(j) - 12*r(j). What is n(p)?
7
Let h(t) = t**3 + 8*t**2 - 13. Suppose -3 = -19*c + 22*c. Let z be (-1)/(((-5)/5)/(c + 2)). Let r(w) = -1. Let x(j) = z*h(j) - 4*r(j). Give x(-8).
-9
Let a(k) be the third derivative of k**6/120 + k**5/30 + k**4/6 + k**3/3 + k**2. Suppose 214 = -199*h + 180 - 563. What is a(h)?
-19
Let h(k) = 2*k + 34. Suppose -65 + 61 = c, -2*c + 62 = -5*x. Give h(x).
6
Let u(i) = -9*i + 45. Let y = -10503 + 10503. Determine u(y).
45
Let w(m) = 11 - 17*m - 26 + 2*m + 11 - 21. Give w(-8).
95
Let z(d) = -2*d - 3*d + 1 - d. Let f be 266/11 - 94/517. Suppose -f*i + 6*i = -18. What is z(i)?
-5
Let t be (-29)/(2436/63180) - 1/(-7). Let v = 745 + t. Let g(m) = m**2 + 3*m - 5. Calculate g(v).
23
Let d(p) = -p - p**2 - 3 - 9 - 7 + 20 - 13*p. Let f(z) = -2*z**2 - 26*z + 2. Let b(y) = -11*d(y) + 6*f(y). Give b(1).
-2
Let u be 19 + (4 - -2)/(-3). Let x(s) = 2*s - 31. Let f be x(u). Suppose 3 + f = -3*g. Let t(q) = -q**2 - 2*q - 2. Calculate t(g).
-2
Let n(w) = -2*w - 2 - w**2 - 5*w - 3 - 2*w. Suppose 20*k - 3364 = -9*k. Suppose -114*z = -k*z - 14. Determine n(z).
9
Let s(u) = -u + 1. Let o(m) = m**2 + 11. Let z be o(0). Suppose -z*i + 8*i = -6. Suppose 2*d + 2*t = -2, 2*d + 3*t - i = -5. Calculate s(d).
1
Let j(k) = -8*k**2 - 3*k - 24. Let v(f) = 32*f**2 + 12*f + 107. Let i(x) = 9*j(x) + 2*v(x). Determine i(3).
-83
Suppose 3*u - 45 + 17 = -7. Let i(o) = -o - 13. Calculate i(u).
-20
Let b(l) be the first derivative of 5*l**2/2 - 2*l - 79. Let d be b(0). Let c(u) = u**2 - u. Let v(y) = -4*y**2 + 8*y + 2. Let f(m) = 5*c(m) + v(m). Give f(d).
0
Let b(y) = -2*y + 9. Let f(m) = 22*m - 60. Let o(i) = 12*b(i) + f(i). Give o(10).
28
Let h(x) = x - 2. Let t(y) = -y**2 + 3*y + 6. Let n(d) = -d**3 - 11*d**2 + 26*d + 2. Let m be n(-13). Suppose -m*a = 3*l - a, 0 = 4*a. Let s be t(l). Give h(s).
4
Let a(q) = 283*q - 8*q**2 + 302*q - 2 + q**3 - 577*q. Calculate a(7).
5
Let a = 162 - 161. Let k(g) = g**3 + 5*g**2 - 8*g - 5. Let p(i) = i**2 - 2*i - 2. Let r(c) = a*k(c) - 4*p(c). What is r(0)?
3
Let y(l) = 63*l - 370. Let s(h) = -7*h + 39. Let o(b) = 19*s(b) + 2*y(b). Suppose -3*k = -4*z - 23, -5*z - 12 = 13. Calculate o(k).
-6
Let s(x) = x**3